
True
Is 1048243 prime?
False
Is 485 prime?
False
Is 7831 composite?
True
Is 496777 a prime number?
False
Is 33377 a prime number?
True
Is 90163 prime?
True
Is 328813 composite?
False
Is 255479 a prime number?
False
Is 80849 composite?
False
Is 259907 prime?
True
Is 228703 a prime number?
False
Is 10687 prime?
True
Is 13047 a prime number?
False
Is 59333 composite?
False
Is 18695 a composite number?
True
Is 15787 composite?
False
Is 81431 a composite number?
True
Is 441985 prime?
False
Is 387761 a prime number?
False
Is 166331 prime?
False
Is 147835 a composite number?
True
Is 1641 a prime number?
False
Is 64939 a prime number?
False
Is 361409 composite?
False
Is 1511 a prime number?
True
Is 86027 a prime number?
True
Is 191099 prime?
True
Is 11359 a prime number?
False
Is 16013 a composite number?
True
Is 3193922 prime?
False
Is 541 composite?
False
Is 62207 prime?
True
Is 118891 a prime number?
True
Is 20129 a composite number?
False
Is 3652507 prime?
True
Is 1151 a prime number?
True
Is 37087 prime?
True
Is 55949 composite?
False
Is 839693 a composite number?
False
Is 38629 a composite number?
False
Is 103817 a prime number?
False
Is 340321 prime?
True
Is 99101 composite?
True
Is 2177 a composite number?
True
Is 1359343 a prime number?
False
Is 5259 a prime number?
False
Is 183823 prime?
True
Is 36263 a prime number?
True
Is 481477 prime?
False
Is 15511 composite?
False
Is 11855 composite?
True
Is 58733 a composite number?
False
Is 167677 a composite number?
False
Is 34053 a composite number?
True
Is 1815587 a prime number?
True
Is 238291 a prime number?
True
Is 849 prime?
False
Is 9 prime?
False
Is 36591 prime?
False
Is 3223 a prime number?
False
Is 17337 a composite number?
True
Is 2575553 prime?
False
Is 146021 a composite number?
False
Is 105509 a prime number?
True
Is 11731 composite?
False
Is 13367 a composite number?
False
Is 114547 composite?
False
Is 31361 a composite number?
True
Is 156441 composite?
True
Is 132383 a prime number?
True
Is 77447 composite?
False
Is 11777 a composite number?
False
Is 252809 composite?
True
Is 3247 prime?
False
Is 55871 a composite number?
False
Is 367097 a prime number?
True
Is 85439 prime?
True
Is 185593 prime?
True
Is 19027 a composite number?
True
Is 166219 a prime number?
True
Is 58 a composite number?
True
Is 46533 a prime number?
False
Is 116267 a prime number?
False
Is 2363 a prime number?
False
Is 2027 a composite number?
False
Is 48179 prime?
True
Is 557153 a composite number?
False
Is 671 a prime number?
False
Is 17023 composite?
True
Is 75521 composite?
False
Is 20431 a composite number?
False
Is 19967 a composite number?
True
Is 44101 a prime number?
True
Is 186033 prime?
False
Is 25733 a prime number?
True
Is 72749 a prime number?
False
Is 2237 prime?
True
Is 4049 a prime number?
True
Is 1739 prime?
False
Is 984539 prime?
True
Is 50627 a prime number?
True
Is 8147 a composite number?
False
Is 3427 prime?
False
Is 28562 a composite number?
True
Is 1949 prime?
True
Is 211369 a composite number?
False
Is 16729 a composite number?
False
Is 9059 a prime number?
True
Is 206905 a composite number?
True
Is 102059 composite?
False
Is 29527 a composite number?
False
Is 116069 a composite number?
True
Is 2063 prime?
True
Is 8741 prime?
True
Is 44729 a prime number?
True
Is 289093 prime?
False
Is 25618 a composite number?
True
Is 6809 prime?
False
Is 13001 composite?
False
Is 45371 a composite number?
True
Is 869 a prime number?
False
Is 6029 a prime number?
True
Is 140069 a prime number?
True
Is 35221 composite?
False
Is 59741 a composite number?
True
Is 1844495 prime?
False
Is 5839 prime?
True
Is 23267 prime?
False
Is 510437 a prime number?
False
Is 6619 prime?
True
Is 8663 a composite number?
False
Is 4691 a prime number?
True
Is 9019 prime?
False
Is 19369 composite?
True
Is 181193 prime?
True
Is 65867 prime?
True
Is 122179 a prime number?
False
Is 329 composite?
True
Is 18437 composite?
True
Is 316007 composite?
True
Is 31643 a prime number?
True
Is 1447559 prime?
True
Is 99097 prime?
False
Is 2498201 a composite number?
True
Is 248129 composite?
True
Is 403219 a prime number?
True
Is 206311 a prime number?
False
Is 933269 prime?
True
Is 2127347 a composite number?
False
Is 128641 a prime number?
False
Is 56177 a composite number?
True
Is 257531 prime?
False
Is 149 a composite number?
False
Is 6469 composite?
False
Is 322319 a prime number?
True
Is 889 prime?
False
Is 81157 a composite number?
False
Is 8057 a prime number?
False
Is 101399 a prime number?
True
Is 7681 prime?
True
Is 78203 a prime number?
True
Is 560419 composite?
True
Is 519445 a prime number?
False
Is 7593 composite?
True
Is 30581 prime?
False
Is 2483 prime?
False
Is 1429027 composite?
False
Is 1901 a prime number?
True
Is 1039 composite?
False
Is 9661 a composite number?
False
Is 17249 a composite number?
True
Is 141761 prime?
True
Is 18263 a prime number?
False
Is 20635 prime?
False
Is 46077 a composite number?
True
Is 140329 a prime number?
False
Is 8441 composite?
True
Is 14983 a prime number?
True
Is 58397 prime?
False
Is 412717 a composite number?
False
Is 126683 a composite number?
False
Is 171023 a prime number?
True
Is 1357487 a prime number?
False
Is 26749 a composite number?
True
Is 1427781 composite?
True
Is 247823 prime?
False
Is 641539 a composite number?
True
Is 29099 a prime number?
False
Is 93857 a composite number?
True
Is 2408303 a prime number?
True
Is 120041 a composite number?
False
Is 57881 composite?
False
Is 90893 composite?
True
Is 17807 composite?
False
Is 43235 prime?
False
Is 25243 composite?
False
Is 30505 prime?
False
Is 1453871 prime?
True
Is 55543 a composite number?
True
Is 1500403 a prime number?
False
Is 126083 a prime number?
False
Is 64871 a prime number?
True
Is 1927 a composite number?
True
Is 450343 a composite number?
False
Is 90451 composite?
True
Is 11273 a composite number?
False
Is 110051 composite?
False
Is 106387 prime?
False
Is 10427 composite?
False
Is 74506 composite?
True
Is 265381 composite?
False
Is 1503919 a composite number?
False
Is 5311 a composite number?
True
Is 19519 a prime number?
False
Is 18973 composite?
False
Is 233 a composite number?
False
Is 2743 composite?
True
Is 624927 a prime number?
False
Is 65761 prime?
True
Is 292517 composite?
False
Is 6803 prime?
True
Is 125483 prime?
False
Is 8887 prime?
True
Is 6349 a composite number?
True
Is 181711 a composite number?
False
Is 308209 a composite number?
True
Is 11239 prime?
True
Is 307 a composite number?
False
Is 4197 composite?
True
Is 447 a prime number?
False
Is 12049 prime?
True
Is 101678 a prime number?
False
Is 15049 composite?
True
Is 15401 a prime number?
True
Is 8417 a composite number?
True
Is 162119 a prime number?
True
Is 16441 a prime number?
False
Is 1173979 a composite number?
False
Is 1127743 composite?
True
Is 19871 a composite number?
True
Is 19253 a prime number?
False
Is 23149 a prime number?
False
Is 46171 a composite number?
False
Is 158 composite?
True
Is 294243 a composite number?
True
Is 20789 composite?
False
Is 5099 prime?
True
Is 272771 composite?
False
Is 152597 composite?
False
Is 284551 composite?
False
Is 48053 composite?
True
Is 5599 composite?
True
Is 272507 composite?
False
Is 124513 a composite number?
False
Is 59093 prime?
True
Is 21449 prime?
False
Is 64331 prime?
False
Is 19151 a composite number?
True
Is 20527 composite?
True
Is 4691 a composite number?
False
Is 1503431 prime?
True
Is 16418 a composite number?
True
Is 371617 prime?
True
Is 14369 prime?
True
Is 20914 a prime number?
False
Is 79481 prime?
True
Is 18037 prime?
False
Is 127047 a composite number?
True
Is 370459 composite?
True
Is 56519 a composite number?
False
Is 32167 a prime number?
False
Is 3607 a prime number?
True
Is 42821 a prime number?
True
Is 663391 prime?
False
Is 266587 a prime number?
True
Is 12401 composite?
False
Is 551483 a prime number?
True
Is 43723 prime?
False
Is 234433 a prime number?
False
Is 419 a prime number?
True
Is 319727 a prime number?
True
Is 9091 composite?
False
Is 108291 a composite number?
True
Is 2779 composite?
True
Is 58109 prime?
True
Is 21653 prime?
False
Is 118493 a prime number?
True
Is 38351 composite?
False
Is 5961 prime?
False
Is 134581 a prime number?
True
Is 17